{"id":809,"date":"2025-02-19T12:05:38","date_gmt":"2025-02-19T17:05:38","guid":{"rendered":"https:\/\/ecobotanicaperu.com\/?page_id=809"},"modified":"2025-02-19T12:32:22","modified_gmt":"2025-02-19T17:32:22","slug":"velas-artesanales-aromaticas-para-recuerdos-bautizo-comunion-baby-shower-bodas-misa-de-difuntos-de-mes-lima-peru","status":"publish","type":"page","link":"https:\/\/ecobotanicaperu.com\/index.php\/velas-artesanales-aromaticas-para-recuerdos-bautizo-comunion-baby-shower-bodas-misa-de-difuntos-de-mes-lima-peru\/","title":{"rendered":"Velas Artesanales Aromaticas para recuerdos bautizo comunion baby shower bodas misa de difuntos de mes lima peru"},"content":{"rendered":"<p>[et_pb_section fb_built=\u00bb1&#8243; _builder_version=\u00bb4.27.4&#8243; _module_preset=\u00bbdefault\u00bb global_colors_info=\u00bb{}\u00bb][et_pb_row _builder_version=\u00bb4.27.4&#8243; _module_preset=\u00bbdefault\u00bb global_colors_info=\u00bb{}\u00bb][et_pb_column type=\u00bb4_4&#8243; _builder_version=\u00bb4.27.4&#8243; _module_preset=\u00bbdefault\u00bb global_colors_info=\u00bb{}\u00bb][et_pb_text _builder_version=\u00bb4.27.4&#8243; _module_preset=\u00bbdefault\u00bb text_line_height=\u00bb2.2em\u00bb custom_margin=\u00bb||93px|||\u00bb custom_padding=\u00bb||33px|||\u00bb global_colors_info=\u00bb{}\u00bb]<\/p>\n<div class=\"rich-text__text rte scroll-trigger animate--slide-in\" data-cascade=\"\">\n<p style=\"text-align: center;\"><span style=\"font-size: large;\">Explora la variedad y calidad de nuestras creaciones artesanales. Cada producto est\u00e1 dise\u00f1ado con cuidado y dedicaci\u00f3n, utilizando materiales <\/span><span style=\"font-size: large;\">naturales que reflejan nuestra pasi\u00f3n por la autenticidad y el bienestar.<\/span><\/p>\n<\/div>\n<p>[\/et_pb_text][et_pb_shop _builder_version=\u00bb4.27.4&#8243; _module_preset=\u00bbdefault\u00bb hover_enabled=\u00bb0&#8243; global_colors_info=\u00bb{}\u00bb type=\u00bbproduct_category\u00bb include_categories=\u00bb181&#8243; sticky_enabled=\u00bb0&#8243;][\/et_pb_shop][\/et_pb_column][\/et_pb_row][\/et_pb_section]<\/p>\n","protected":false},"excerpt":{"rendered":"<p>Explora la variedad y calidad de nuestras creaciones artesanales. Cada producto est\u00e1 dise\u00f1ado con cuidado y dedicaci\u00f3n, utilizando materiales naturales que reflejan nuestra pasi\u00f3n por la autenticidad y el bienestar.<\/p>\n","protected":false},"author":1,"featured_media":0,"parent":0,"menu_order":0,"comment_status":"closed","ping_status":"closed","template":"","meta":{"_et_pb_use_builder":"on","_et_pb_old_content":"","_et_gb_content_width":"","_joinchat":[],"footnotes":""},"class_list":["post-809","page","type-page","status-publish","hentry"],"jetpack_sharing_enabled":true,"_links":{"self":[{"href":"https:\/\/ecobotanicaperu.com\/index.php\/wp-json\/wp\/v2\/pages\/809","targetHints":{"allow":["GET"]}}],"collection":[{"href":"https:\/\/ecobotanicaperu.com\/index.php\/wp-json\/wp\/v2\/pages"}],"about":[{"href":"https:\/\/ecobotanicaperu.com\/index.php\/wp-json\/wp\/v2\/types\/page"}],"author":[{"embeddable":true,"href":"https:\/\/ecobotanicaperu.com\/index.php\/wp-json\/wp\/v2\/users\/1"}],"replies":[{"embeddable":true,"href":"https:\/\/ecobotanicaperu.com\/index.php\/wp-json\/wp\/v2\/comments?post=809"}],"version-history":[{"count":6,"href":"https:\/\/ecobotanicaperu.com\/index.php\/wp-json\/wp\/v2\/pages\/809\/revisions"}],"predecessor-version":[{"id":820,"href":"https:\/\/ecobotanicaperu.com\/index.php\/wp-json\/wp\/v2\/pages\/809\/revisions\/820"}],"wp:attachment":[{"href":"https:\/\/ecobotanicaperu.com\/index.php\/wp-json\/wp\/v2\/media?parent=809"}],"curies":[{"name":"wp","href":"https:\/\/api.w.org\/{rel}","templated":true}]}}